t common divisor of 9 and o.
9
Let d be (5002/(-8) + 1)/(139/(-556)). Calculate the greatest common divisor of 11 and d.
11
Let q = 8 - 12. Let s = -2 - q. Suppose s*r - 29 + 1 = 0. Calculate the highest common divisor of r and 14.
14
Let t(d) = -d**3 - 16*d**2 - 43*d - 16. Let p be t(-13). Calculate the greatest common factor of 54 and p.
18
Let b = 406 - 203. Calculate the highest common divisor of b and 21.
7
Let r(o) = 2*o - 9. Let z be r(12). Suppose 2*p - p = -5*y + 523, 0 = 3*y - p - 317. Calculate the highest common divisor of z and y.
15
Let f(j) = 5*j + 1. Let d(u) = 11*u + 2. Let p(l) = 2*d(l) - 5*f(l). Let y be p(-4). What is the highest common divisor of y and 33?
11
Let w be (-47)/7 - (-10)/(-35). Let u be w + (4 - 3)*-2. Let a be 6*4/(-9)*u. Calculate the highest common divisor of 6 and a.
6
Let i be 38/2 + -1 - -2. Suppose 0 = -10*s + 14*s - i. Suppose -s - 4 = -p. Calculate the highest common factor of p and 63.
9
Let i be ((-245)/(-25))/(1/5). Let r = i + -25. Let v = r - 13. What is the greatest common factor of v and 1?
1
Let f = 15 - 9. Let y(k) = -2*k**2 + 2*k + 2. Let d be y(2). Let s = d - -68. Calculate the highest common divisor of f and s.
6
Let w be (2 + -1)/((-1)/(-17)). Let f(o) = -43*o**2 + 2*o - 1. Let d be f(1). Let j = 229 + d. What is the greatest common factor of w and j?
17
Suppose -2*w = 15 + 5. Let g(j) = 2*j**2 - 11*j - 2. Let l be g(w). Calculate the greatest common factor of 28 and l.
28
Suppose o + 10 = 2*o. Let s be (-7 + o)/((-6)/(-4)). Suppose s*y + 3*y = 25. Calculate the greatest common divisor of y and 5.
5
Let a be (-24 + 1020/45)/(8/(-54)). Suppose 4*k = 4*x - x - 7, -2*x + 43 = 5*k. Calculate the highest common factor of x and a.
9
Let m = 482 - 475. What is the highest common divisor of m and 35?
7
Let y = -455 + 703. Calculate the highest common factor of y and 31.
31
Let l(j) = -2*j**2 + 22*j + 207. Let r be l(17). Let w(y) = -3*y - 4. Let x be w(-6). Let q = 23 - x. What is the greatest common divisor of r and q?
3
Suppose 580 = 5*g + i - 594, 5*g - 1166 = i. Suppose -11*w + g = -591. Calculate the highest common divisor of 30 and w.
15
Suppose -4*i - k + 14 = 0, -i - 4*k + 3*k = -5. Let p be (-240)/(-36)*i/(-1). Let l be p/110 - (-928)/22. What is the greatest common divisor of 28 and l?
14
Suppose 0 = 9*j + 60 - 366. Suppose 14 = -d + 3*a - 5*a, 36 = -4*d - 3*a. Let t = d + j. Calculate the highest common factor of 7 and t.
7
Let q = -631 - -891. Suppose 0 = -x + 6*x - q. Suppose 0 = -4*i + 39 + 13. Calculate the highest common factor of x and i.
13
Suppose 2*m - 17 = -2*d + m, -2*d + 19 = -m. Suppose d*v - 8*v = 26. Calculate the greatest common divisor of v and 13.
13
Suppose -2*s + 10 = 3*s. Let i be (2 + -1)*(20 - (45 + -26)). Calculate the greatest common divisor of i and s.
1
Suppose 0 = -0*r + 2*r - 20. Let m be (-4 + -2)*15/(-6). Let j = m - r. What is the highest common divisor of 2 and j?
1
Let k be (-6)/(-15) + 939/15. Suppose 5*m + k = p, 6 + 3 = -3*m. Suppose 3*x + x - p = 0. What is the greatest common divisor of 36 and x?
12
Let u be 7/(14/(-4)) - 1. Let j be -4*(-3)/6 - u. Suppose m + 6 = -3*h + 21, 2*h + 92 = j*m. What is the highest common factor of m and 162?
18
Suppose -2*u = -3*l - 2, 5*l + 1 - 2 = -u. Let m be u/3 - 850/(-15). Suppose -j - m = -4*j. Calculate the highest common factor of j and 209.
19
Suppose -3*z - 506 = 5*f + z, -4*z = 16. Let w = 108 + f. Suppose 0*r = 4*r - 160. What is the highest common factor of r and w?
10
Let m = 555 + -438. Calculate the greatest common divisor of m and 13.
13
Let y = -49 + 45. Let l be 21*((-24)/9)/y. What is the greatest common divisor of 182 and l?
14
Suppose -4*d = d + z - 364, 2*z + 280 = 4*d. Suppose -5*v - 55 + 177 = 3*f, d = 4*v - 4*f. What is the highest common factor of v and 2?
2
Let y(p) = 9*p**2 - 1. Let h be y(3). Suppose -3 = v - 8. Suppose -v*b = 0, -5*f - 5*b + 0*b = -160. What is the greatest common factor of f and h?
16
Suppose 0 = -391*q + 413*q - 10472. What is the highest common factor of 34 and q?
34
Suppose d - 90 = 4*n + 51, -4*d + 624 = -4*n. Calculate the greatest common divisor of 28 and d.
7
Suppose 3*v - 7*v = -5*q + 47, -3*v = -3*q + 30. What is the highest common divisor of 203 and q?
7
Suppose 1092 = 38*u + 14*u. Calculate the highest common divisor of u and 70.
7
Let s be 6096/60 + 96/(-60). Calculate the highest common factor of 12 and s.
4
Suppose 5*c + 6*f - 2*f + 165 = 0, -c - 62 = -5*f. Let n = c + 71. What is the highest common factor of 17 and n?
17
Suppose -1649 + 349 = -10*x. Calculate the highest common divisor of 234 and x.
26
Suppose 3*x + 5*w - 1078 = 0, 704 = 2*x + 35*w - 39*w. What is the highest common factor of 89 and x?
89
Let s = 24 - -8. Let c be (-2)/(180/(-87) - -2). Let u = s - c. What is the highest common divisor of u and 12?
3
Suppose 3 + 7 = 2*h. Let j = -4 + h. Let m be (10/8)/(2/8). Calculate the greatest common divisor of m and j.
1
Let n(g) = -g**3 + 12*g**2 - 10*g. Let i(y) = 2*y**3 - y**2 - 2*y. Let x be i(2). Let w be n(x). What is the greatest common divisor of 11 and w?
11
Let c be ((-272)/(-48))/((3 - -2)/120). Calculate the highest common factor of 17 and c.
17
Suppose 0 = 3*t - 4*t + 3, -4*l + 3*t = -31. Let w = 119 - 39. What is the highest common factor of w and l?
10
Let z = -321 - -342. What is the greatest common factor of z and 63?
21
Let b(t) = -t**3 - 36*t**2 - 33*t + 91. Let v be b(-35). What is the highest common factor of 168 and v?
21
Let h be 2/(-10) - ((-533)/65 - 3). Calculate the highest common divisor of 407 and h.
11
Suppose -242*h = -246*h + 4260. What is the greatest common factor of h and 15?
15
Let p be (0 - -2)*12/6. Suppose p*b - 2*r = 224, 6 = -0*r - 3*r. Calculate the highest common factor of 5 and b.
5
Suppose -76 = -4*x + 4*n, x + 5*n + 1 = 2. What is the greatest common factor of 80 and x?
16
Let v = 242 - 152. Calculate the highest common divisor of v and 18.
18
Let a be (1*(-4 + 1))/((-15)/40). Suppose 0 = c + a*u - 9*u - 21, 0 = -2*c - 4*u + 24. Calculate the highest common factor of 2 and c.
2
Let n = 203 + -140. Suppose 198 - n = 5*d. Calculate the highest common factor of 108 and d.
27
Let l(v) = 15*v - 3. Let k be l(9). Suppose 2*a = -0*a + k. Let f(t) = 5*t + 146. Let h be f(-28). What is the greatest common factor of a and h?
6
Let m(l) = -5*l**3 - l**2 - 18*l - 33. Let j be m(-3). Calculate the greatest common divisor of 245 and j.
49
Let r be (14/(-49))/((-2)/14). Let z = 11 + -14. Let b be r/z - (-14)/3. What is the highest common divisor of b and 16?
4
Let x(o) = -o**2 - 24*o + 361. Let w be x(-31). What is the greatest common divisor of w and 234?
18
Let x be (22/4)/((-4)/(-16)). Suppose 5*h + 4*p = 65, -h + 2*h - p = x. Suppose f + 0 = h. Calculate the greatest common factor of f and 136.
17
Let c = -234 - -270. What is the highest common divisor of c and 117?
9
Suppose -5*w + i + 2197 = 0, 0*i - 4*i = -12. What is the highest common factor of w and 550?
110
Let w(i) = -4*i - 4. Let m be 0 + 40 - (1 - -1). Suppose 4*a + d = -0*d - 30, -5*a - d = m. Let n be w(a). What is the greatest common divisor of n and 42?
14
Suppose -4*j - 4 = -16. Let p = -1 + j. Let o = -4867 + 4875. What is the highest common factor of o and p?
2
Suppose 0 = -7*z + 9*z - 36. Let a be z/(-12)*(-428)/(-6). Let n = a - -155. What is the highest common factor of n and 16?
16
Let c(m) = -8*m**3 + m**2. Let d be c(-1). Suppose -5382 = -6*o - 40*o. What is the highest common factor of o and d?
9
Suppose -2*o + 7*o = 100. What is the greatest common factor of o and 240?
20
Suppose -3*w - 3*c + 63 = -0*c, -79 = -4*w + c. Suppose 16*q - 240 = 13*q. What is the highest common factor of w and q?
20
Let a = 361 - 257. Calculate the highest common divisor of 88 and a.
8
Suppose -385 = -8*r + 143. Let g(a) = -a**3 + 2*a + 2. Let c be g(-2). What is the highest common factor of r and c?
6
Let y(w) = w**2 + 3*w - 11. Let b be y(-6). Suppose -53 = -3*c + b. Calculate the highest common factor of 2 and c.
2
Let x = 17574 + -17222. Suppose -3*p - 3*a = -120, 0*p + 3*p = -5*a + 112. Calculate the greatest common factor of x and p.
44
Suppose 5*y - 5 = 4*n, -9*n + 10 = -6*n - y. Let o = 129 + -74. Let q be o/(0 + 2 - 1). Calculate the greatest comm